ose -9 = 5*o + 16. Let g(l) be the second derivative of 0 - 23*l + 2*l**2 + 1/6*l**3. Give g(o).
-1
Let v(x) = x**2 + 3*x + 5. Let g(k) = -k**2 - 14*k - 39. Let z be g(-9). Let h be -2 + z/4*8/(-3). What is v(h)?
23
Suppose -9 - 7 = -8*k. Let n(q) be the third derivative of q**6/120 - q**5/60 + q**4/12 - q**3/6 - 9*q**2. What is n(k)?
7
Let h(b) be the first derivative of -b**4/4 - 2*b**3 - b**2/2 + b - 96. Determine h(-5).
-19
Let o(f) = -f**2 + 7*f - 7. Let y = 995 + -988. What is o(y)?
-7
Let n(t) = 3*t**2 + t. Suppose -14 = -w + 3*f - 2, -f = -w + 6. Suppose 0 = w*z - 0*z. Let r = -1 - z. What is n(r)?
2
Let c(h) = h**2 - 2*h**2 - 4*h - 2 + 3. Let b be (2/3)/((-36)/216). Determine c(b).
1
Let y = -258 - -258. Let b(u) = u**3 - 2*u**2 - 2*u - 1. Give b(y).
-1
Let h(t) = -t**2 - 12*t - 11. Let y be h(-1). Let z(b) be the second derivative of 1/2*b**3 - 1/20*b**5 + 6*b - 1/12*b**4 + b**2 + y. What is z(-2)?
0
Let i be (9 - (10 + -7)) + -4. Let n(a) = a**3 - 2*a**2 + 2*a. What is n(i)?
4
Let k(y) = y**3 - 8*y**2 - y + 2. Suppose 11*s = 134 - 46. Calculate k(s).
-6
Let p(u) = -6*u**2 + 5*u + 3. Let f(j) = -2*j**2 + 2*j. Let w(n) = 4*f(n) - p(n). Give w(2).
-5
Let u be ((-15)/(-6))/((-5)/(-12)). Let w(p) = -p + 11. Give w(u).
5
Let h(f) = 3*f + f**2 + 0*f**2 + 16 - 7*f + 0*f**2 - 19. Suppose -2*w + 20 = 2*w. Suppose -g + w*g = 16. Give h(g).
-3
Suppose 0 = -3*l + 1 + 8. Let s(c) = -3 - 3*c**2 - 6*c - c**l + 0*c + 4*c + 0*c**2. Let t = 1 + -3. Give s(t).
-3
Let t(q) = -2*q**3 + 2*q**2 + 5*q - 13. Let f(j) = -3*j**2 + 2*j**3 - 7*j + 7*j**3 - 6*j**3 + 20. Let l(o) = 5*f(o) + 7*t(o). Give l(0).
9
Let o(m) be the first derivative of -m**4/6 + m**3/6 - 6*m - 1. Let i(n) be the first derivative of o(n). Suppose -3*c + 4*c = -1. What is i(c)?
-3
Let s(b) be the second derivative of -b**3/3 - 23*b**2/2 + b + 323. Calculate s(-6).
-11
Let y(r) = 3*r**3 - 4*r**2 - 4*r - 7. Let z = -7 + 2. Let s(k) = -7 - 7*k**2 - 7 - 4*k - 3*k + 7*k**3. Let t(x) = z*y(x) + 2*s(x). Calculate t(7).
0
Let l(x) be the second derivative of -x**4/12 + x**3 - 2*x**2 - 6*x. Suppose -32*p + 130 = -6*p. Determine l(p).
1
Let d be (156/(-858))/((-4)/11 - 0). Let b(w) be the second derivative of 0 - 1/6*w**4 - 6*w - w**2 - d*w**3. Determine b(-2).
-4
Let v be 0 - 2 - (2 + -6). Let q(h) = 5*h**2 - 5*h + 2. Let f(x) = -x**2 + x. Let l(n) = 6*f(n) + q(n). Give l(v).
0
Let o(g) be the third derivative of -g**6/120 + g**5/5 + 5*g**4/4 - 29*g**3/6 - 2*g**2 + 2. What is o(14)?
-1
Suppose -5 = y - 0*y. Let r(q) be the first derivative of 1/3*q**3 + 2*q**2 - 3*q + 3. Calculate r(y).
2
Let o(g) be the first derivative of -g**5/60 - g**4/12 + g**3/6 - 19*g**2 + 18. Let l(f) be the second derivative of o(f). What is l(-2)?
1
Let p(m) = m**3 - 8*m**2 - 19*m - 8. Suppose 0*r + 2*r - 2*a = 22, -a = -4*r + 41. Let d be p(r). Let w(t) = -t**3 + 2*t**2 - 3*t. Determine w(d).
-6
Let q(i) be the second derivative of i + 1/12*i**4 - 9/2*i**2 - 1/6*i**3 + 0. Give q(0).
-9
Let d(o) = -7 + 6*o**3 - 3*o**3 - 7 - 12*o**2 + 13 - 2*o**3. What is d(12)?
-1
Let z(u) be the second derivative of 5*u**3/6 + 5*u**2/2 + 385*u. What is z(-1)?
0
Let x(c) = 1 - 1 + 5 + 21*c - 6. Let q be x(3). Let p be q/16 + (-12)/(-96). Let r(y) = -2*y + 2. Determine r(p).
-6
Let l be ((-50)/(-10))/(3/3). Let y(d) be the first derivative of -1/4*d**4 + 2/3*d**3 + 0*d**2 - l + 0*d. Determine y(2).
0
Let u(t) = 8*t**2 + 3*t + 5*t - 4*t - 13 - 2*t. Let c(k) = -7*k**2 - 3*k + 12. Let v(q) = -7*c(q) - 6*u(q). What is v(-9)?
-6
Let n(c) = 535*c**3 + 4*c**2 - c - 6 + 4*c - 536*c**3. Let y(h) = -h**2 - 6*h - 5. Let q be y(-3). Calculate n(q).
6
Let y(f) be the third derivative of -f**5/60 + 5*f**4/24 - f**3 + 9*f**2. Let u be ((-18)/8)/(3/(-8)). Let c be 4/6*(u - 0). Calculate y(c).
-2
Suppose -5*i + 29 + 221 = 0. Let g(m) = 50*m**3 - 6*m - 4*m**2 + 4 - 99*m**3 + i*m**3. Determine g(5).
-1
Let b(i) = -2*i - 3. Let r(v) = 2*v - 3. Let x be r(-4). Let n = 11 + x. Let k = n + -3. What is b(k)?
3
Let q be 7 + -3 - 2/(8/(-4)). Let r(y) = y**2 - 2*y + 2. Give r(q).
17
Suppose 3*i - 9 = -m + 7, -3*m + 2*i = 7. Let j be (m - 2) + (-4 - -7). Let k(t) = t**3 + 0*t**3 - t - 1 + 2*t + j. Give k(2).
11
Suppose 2*h - 8 = 2*c - 6*c, -c = 3. Let d(n) = n**2 - 9*n - 2. Give d(h).
8
Let m(n) be the second derivative of -n**5/20 - 3*n**4/4 + n**3/6 - 7*n**2/2 + 584*n. Determine m(-9).
-16
Let q(l) be the second derivative of 0*l**3 + 0 + l**2 - 7*l - 1/12*l**4. Give q(2).
-2
Let g(j) be the second derivative of -j**5/60 - j**4/24 + j**3/3 - 11*j**2/2 + 11*j. Let p(s) be the first derivative of g(s). Determine p(-3).
-4
Let p be ((-26)/(-364) - (-36)/(-14))*4. Let i(c) = -c**2 - 11*c - 16. Give i(p).
-6
Let x(t) be the first derivative of t**5/120 - t**4/24 + 34*t**3/3 + 26. Let c(w) be the third derivative of x(w). Determine c(-3).
-4
Let l(c) = 223*c - 14. Let z be l(6). Let b(y) = y**2 + y + 4*y - z + 1329. Determine b(-5).
5
Suppose -9*o - 23 = 13. Let k(g) = -g - 5. What is k(o)?
-1
Let j(d) be the first derivative of d**2/2 + 7*d - 49. Determine j(-11).
-4
Let o(j) = j**2 - 4. Let d be o(0). Let x(k) = -k + 3. Let f be x(-3). Let b(v) = 2*v + 3. Let l(u) = -u - 1. Let g(c) = f*b(c) + 14*l(c). Give g(d).
12
Let s(n) = 3*n**3 - 7*n**2 - 5*n + 1. Let a(c) = -c**3 + 2*c**2 - c - 3. Let f(t) = 2*a(t) + s(t). What is f(6)?
61
Let t be (-10)/(-4) + 1/(-2). Suppose 3*u - 2*u - t = 0. Suppose -u*o = -6*o + 4*y - 8, 0 = -4*o + y - 2. Let l(q) = q + 9. Calculate l(o).
9
Let v(u) = u**3 - 12*u**2 - 10*u + 2. Let w(g) = -6*g**3 + 61*g**2 + 51*g - 9. Let l(a) = 11*v(a) + 2*w(a). What is l(-9)?
-5
Let t(d) = 2*d - 6. Let g = -218 + 224. What is t(g)?
6
Let j(g) = g**2 - 220*g + 2 + 223*g + g**3 + 5*g**2. Suppose -1 = -2*d + d, 13 = -2*s + 3*d. Give j(s).
12
Let b(f) = 5*f + 3. Let d(g) = 131*g + 228. Let u be d(-2). Let k(c) = 7*c - 1. Let w be k(-5). Let a = w - u. What is b(a)?
-7
Let q = -18 - -24. Let f(u) be the third derivative of u**4/24 - 3*u**3/2 + u**2 - 30. What is f(q)?
-3
Let b(f) = f**2 - 9*f - 2. Let y(k) = k**2 - 7*k - 1. Let t(s) = 5*b(s) - 6*y(s). What is t(-5)?
-14
Suppose 0*f = 3*f - 4*i - 66, -i + 55 = 2*f. Let o = 26 - f. Let x(u) = -u - 15. Determine x(o).
-15
Let s(d) = -d**3 + 11*d**2 + 3*d - 47. Let h be s(11). Let j(a) = a**3 + 15*a**2 + 15*a + 19. Calculate j(h).
5
Let d = 75 + -71. Let o(l) be the second derivative of -1/4*l**d + 0 - 1/2*l**2 + 1/3*l**3 + 1/20*l**5 + 6*l. Give o(3).
5
Let c(a) be the second derivative of -a**5/20 + a**4/6 + 2*a**3/3 - 9*a**2/2 + 424*a. Give c(3).
-6
Let m = 31 + 3. Suppose -4*d + m = -10. Let j(o) = o**2 - 12*o + 14. Give j(d).
3
Let t(v) = v**3 + 21*v**2 + 21*v + 25. Suppose 3*y + 2*y + 4*g + 80 = 0, 3*g - 95 = 4*y. What is t(y)?
5
Let b = 16 - 11. Let r(j) = -j**2 - 12*j - 7. Let q be r(-11). Let f(t) = -3*t**2 + q + 5*t + b - 7 + 2*t**2. Determine f(5).
2
Let m(b) be the third derivative of -b**7/2520 - b**6/720 + b**5/10 + b**4/24 + b**3 - 31*b**2. Let x(z) be the second derivative of m(z). Give x(0).
12
Let m(z) be the third derivative of 0*z - 8*z**2 - z**3 + 0 - 1/60*z**5 + 1/3*z**4. Calculate m(5).
9
Let n = 178 + -182. Let j(f) = f**2 + 2*f - 1. Determine j(n).
7
Let b(v) = -v**3 + 13*v**2 + v - 14. Let c be (3 + -6)*221/(-51). Calculate b(c).
-1
Let x = -4 + 6. Let s(l) = 10882*l + 9*l**2 - 3*l**2 - 10883*l. Determine s(x).
22
Let l be (-6)/(-2)*1/(3/33). Let q be 6/10 - l/5. Let r(z) = z**3 + 6*z**2 + z + 4. Calculate r(q).
-2
Let l(z) be the first derivative of z**3/3 + 4*z**2 + 2*z - 14. What is l(-7)?
-5
Let f(s) = -7*s**3 + 13*s**2 - 5*s - 16. Let q(g) = 15*g**3 - 27*g**2 + 10*g + 34. Let l(k) = 13*f(k) + 6*q(k). Let r = 28 - 22. Calculate l(r).
2
Let v(x) = x + 13. Let p(l) = -4*l - 68. Let s(k) = -p(k) - 5*v(k). Calculate s(12).
-9
Let s be (-62)/155 + ((-4)/(-10) - 0). Let o be (-4 - -3)*2 - s. Let a(g) = 0 + 0*g**3 - 3 - 3*g + g**3 + 3*g**2. Determine a(o).
7
Suppose 24 = 3*g - 5*s + 2*s, -5*g - 4*s + 22 = 0. Let j(v) be the second derivative of -1/12*v**4 - 33*v - 7/2*v**2 + 0 + 4/3*v**3. What is j(g)?
5
Let y(l) be the first derivative of -3*l + 37 + 6 + l**2 + 0 - 1. What is y(5)?
7
Let l(u) = 9*u - 27*u - 7 + 10*u + 9*u. What is l(11)?
4
Suppose 9*i + 5 = 10*i. Let z(j) = j**3 - 7*j*